(g) = -3*g + 1 + g + 4*g + g**2 - g**3. Calculate the remainder when x is divided by m(2).
0
Let g(w) = 4*w - 9. Suppose -3*o = 2*t + 1, -4*o = -4*t + 32 + 16. What is the remainder when g(7) is divided by t?
5
Suppose -h + 11 = 3*l, -h + 6*h - 31 = -3*l. What is the remainder when 18 is divided by h?
3
Let o(f) = f**3 + 7*f**2 - 8*f + 8. Let i be o(-8). Suppose 2*s - i = -0*s. Suppose -4 = -b + s. What is the remainder when 23 is divided by b?
7
Let f(v) be the first derivative of v**4/4 + 2*v**3 - v**2 - 2*v - 1. What is the remainder when f(-4) is divided by 13?
12
Let a be (-5)/10 + 42/(-4). Let l = 16 + a. What is the remainder when (-19)/(-2) + 2/(-4) is divided by l?
4
Suppose -m + 3*b = -b - 23, 0 = -4*b - 12. What is the remainder when 19 is divided by m?
8
Let r = 4 - -3. Let j(d) = d**2 + d - 1. Calculate the remainder when j(-5) is divided by r.
5
Suppose 0*j - 304 = -4*j. Suppose -m + j = 3*m. What is the remainder when m is divided by 10?
9
Suppose 5*v = -4*l + 181, 2*v = -l + 4*l - 130. Suppose 0*i = -4*s + 2*i + l, -3*i = -2*s + 22. Calculate the remainder when s is divided by 3.
2
Suppose 2*a - 4 = -5*i, 11 - 1 = 5*a. Suppose -5*g - 4*x + 148 = -i*g, 2*x = -g + 32. Calculate the remainder when g is divided by 10.
8
Let z(d) = d + 6. What is the remainder when 15 is divided by z(2)?
7
Let x(k) = k - 4. Let g be x(8). Suppose g*a - l - 208 = 0, -5*l - 192 = -2*a - 2*a. Calculate the remainder when a is divided by 18.
17
Let o(r) = 23*r**2 + r - 2. Let n be o(-2). Let x = 25 + n. Suppose 2*d - 47 = -3*u, -2*d - d + 4*u = -x. Calculate the remainder when d is divided by 11.
9
Suppose -i + 4*i - 84 = 0. What is the remainder when i is divided by 10?
8
Let q(x) = 5*x**2 + 2*x + 2. Calculate the remainder when q(-3) is divided by 14.
13
Suppose 5*r = -3*t + 160, 0 = -7*r + 2*r + t + 140. Suppose 4*o + v + r - 221 = 0, 2*v = -3*o + 149. Calculate the remainder when o is divided by 16.
15
Suppose 4 + 0 = p - 2*g, 4*p = 5*g + 31. Calculate the remainder when 69 is divided by p.
13
Let w(c) = 3*c - 1. Let o(r) = -r**2 - 7*r - 5. Let s be o(-6). What is the remainder when 4 + 4/(4/(-2)) is divided by w(s)?
0
Suppose -7 = 2*k - 3, 0 = -r - 2*k - 2. Let s = -6 + 10. Calculate the remainder when s is divided by r.
0
Let g(r) = 3*r. Let d be g(-2). Let j(k) = -5*k - 6. What is the remainder when j(d) is divided by 26*(2/4)/1?
11
Let i(r) = -r**3 + 8*r**2 + 4*r - 6. Calculate the remainder when i(3) is divided by 18.
15
Suppose 2*n - 43 = -5*m, 32 = 2*n + m + 1. What is the remainder when 27 + -1*(1 + 0) is divided by n?
12
Let j(d) = 5*d - 6. Let x be j(4). Let t = -3 + x. What is the remainder when t is divided by 3?
2
Let m(t) = t**2 - 8*t - 10. Calculate the remainder when m(13) is divided by (2/5)/(2/70).
13
Suppose 136 - 22 = 3*p. Calculate the remainder when p is divided by 13.
12
Suppose 0*s = 5*s - 60. Let a = s + 33. Suppose -3*p + 4*m = 10 - a, -m = -2*p + 20. Calculate the remainder when 16 is divided by p.
7
Let x(b) = 4*b**2 + 13*b + 5. Calculate the remainder when x(-4) is divided by 5*3*4/10.
5
Let h(t) = -4*t. Suppose 0 = -3*c + 5*v - 19, 0*c + 15 = 5*c + v. Let y be h(c). Calculate the remainder when 4 is divided by -1 - (y + 2 - -2).
1
Let k(d) = d**3 + 7*d**2 + 7*d - 2. Let z = 45 - -5. Calculate the remainder when z is divided by k(-5).
11
Let n(u) = -20*u - 1. Let s(v) = 13*v + 1. Let c(a) = 5*n(a) + 7*s(a). Let o be c(-2). Let h = 67 - o. Calculate the remainder when h is divided by 16.
15
Suppose -2*h + 2*z = -344, 664 = 5*h - 3*z - 202. What is the remainder when h is divided by 44?
43
Suppose 4*v = -4*o + 36, v - 5*v + 3*o = -15. Let g(c) = c**3 - 3*c**2 - 7*c - 6. Let t be g(v). Let r = -43 + t. What is the remainder when r is divided by 6?
5
Let m be -3 + 7 + 4/(-4). Suppose n - 64 = -m*n. What is the remainder when 46 is divided by n?
14
Let q = 158 - 105. What is the remainder when q is divided by 14?
11
Let x(s) = -s + 116. Let n be x(0). Let l = n - 75. Suppose 13 = 3*m - l. What is the remainder when m is divided by 10?
8
Let c = 44 - 25. Calculate the remainder when 36 is divided by c.
17
Let z(w) = 6*w + 0 - w**2 + 7 + 6. What is the remainder when (38/8)/(1/8) is divided by z(6)?
12
Suppose 5*q + 0*r = 4*r - 49, 3*q + 51 = -3*r. Let m = 31 + q. What is the remainder when 52 is divided by m?
16
Suppose -47 = 5*r - 347. Suppose f = -5*v + 330, -v + r = f - 2*f. Suppose 3*p = 13 + 53. Calculate the remainder when v is divided by p.
21
Let x(s) = -s + 4. Calculate the remainder when 23 is divided by x(0).
3
Let z(j) = -6*j**2. Let o be z(-1). Let f = o - -5. Calculate the remainder when (-8)/(3/(-2) - f) is divided by 9.
7
Let n = -32 + 2. Let g = n - -61. Calculate the remainder when g is divided by 8.
7
Let s be -9 + (0/(-3))/1. Let c(z) = z**2 + 7*z - 9. Calculate the remainder when 33 is divided by c(s).
6
Let b(q) = q**3 - 3*q**2 - 3*q + 2. Let c be b(4). Suppose -3*i - 2*n - 2*n = -114, -2*n + c = 0. Calculate the remainder when i is divided by 9.
7
Let z = 662 - 625. Let i be -2*(-1 - 1/2). Suppose 0 = 6*f - i*f - 39. Calculate the remainder when z is divided by f.
11
Let o be 3 - (-1 + 0)*-1. Let d(b) = 9*b - 2. Let m = -3 + 12. What is the remainder when d(o) is divided by m?
7
Let l(h) = -6*h. Suppose 48 = 5*p + 3. Let r = -2 + p. Calculate the remainder when l(-2) is divided by r.
5
Let x(b) = b - 11. Let u be x(9). Let k be -2*31*u/4. Let r = k + -22. Calculate the remainder when 17 is divided by r.
8
Let a = -34 + 41. What is the remainder when 13 is divided by a?
6
What is the remainder when 179 is divided by ((-488)/20)/(2/(-5))?
57
Suppose 2*v - 6 = 38. Suppose -3*q + 20 = k, -q + 3*q = -3*k + 32. Let h = 0 + k. What is the remainder when v is divided by h?
6
Suppose 8*h - 200 = 4*h. Let x(d) = -d**2 + 7*d + 7. What is the remainder when h is divided by x(6)?
11
Let v = -8 - -14. Calculate the remainder when 27 is divided by v.
3
Let b = 33 + 25. Calculate the remainder when b is divided by 30.
28
Suppose 5*x = -21 + 211. Suppose -2*w + 0*w = -x. Calculate the remainder when w is divided by 7.
5
Let c = -2 + 6. Suppose -h + c*h - 5*g - 152 = 0, -2*g = -4. Calculate the remainder when h is divided by 14.
12
Let d = -18 - -30. Suppose 0*r + 4*r - d = 0. Suppose -29 = -r*n + 2*n + 5*z, 2*n - z - 22 = 0. What is the remainder when 33 is divided by n?
6
Suppose -4*b = 5*z - 20, b = 2*z + 2*z - 16. Suppose -3*v + 9 = b, 2*o + 8*v = 3*v + 103. Let p = -3 + o. Calculate the remainder when p is divided by 21.
20
Let a = -1 + 5. Let l be (-2 + 4)*(-4 + 0)/(-1). What is the remainder when (32/2)/(a/l) is divided by 11?
10
Let l = 2 + 2. Suppose l*h = h - 3*f + 9, -2 = 4*h - 3*f. Suppose 3*p + 0*d - 2*d - 13 = 0, 2*p = -5*d - 23. What is the remainder when h is divided by p?
0
Suppose -3*a + 320 = 3*r - 2*a, 544 = 5*r - a. Let z = r - 74. Calculate the remainder when z is divided by 18.
16
Suppose -2*c + 5 = 3*s, s - 5 = -4*s. What is the remainder when (-1)/3*(-9)/3 is divided by (-4)/(-5) - c/(-5)?
0
Let f = -9 + 28. Let u = -16 + 23. What is the remainder when f is divided by u?
5
Let k = -25 + 15. Let n = 25 + k. Let i = -16 + 24. Calculate the remainder when n is divided by i.
7
Let w = -1 - -14. Let l(z) = 4*z**2 + 15 - 11*z + 0*z**2 - 3*z**2. Calculate the remainder when w is divided by l(10).
3
Calculate the remainder when (151/5)/((12/15)/4) is divided by 51.
49
Suppose 19 = -4*j + r + 120, -j = 5*r + 1. Calculate the remainder when j is divided by 13.
11
Suppose 2*h - 1 = 13. What is the remainder when 33 is divided by h?
5
Let f be 19 + (0 - -1) + 0. What is the remainder when ((-88)/f)/((-4)/10) is divided by 7?
4
What is the remainder when 32 is divided by (2/6)/(4/204)?
15
Suppose 0 = 3*y - 5*y + 4, -182 = -n + y. What is the remainder when n is divided by 37?
36
Let u = -5 - -2. Let z = u - -7. Suppose 3*v - 4*y - 35 = -2*v, -2*v = -2*y - 16. Calculate the remainder when z is divided by v.
1
What is the remainder when (-4)/16 + (-3)/(-12)*173 is divided by 16?
11
Let s(a) = 5*a**2 + 4*a - 5. Suppose -6*i + 2*i + 80 = 0. What is the remainder when s(-4) is divided by i?
19
Suppose -7*h = -9*h + 22. Calculate the remainder when h is divided by 7.
4
Let p(r) = 6*r**2 + 6*r + 5. Calculate the